1, -5*d - 3*b + 28 = q. Suppose d*y = -6 + 21. Calculate the highest common factor of 9 and y.
3
Suppose -f = -5*h + 20800, -52*h - 4*f = -58*h + 24960. What is the highest common factor of h and 13?
13
Let y be 4 - (1 + 3 + -5). Suppose 4*a - 2*r = 16, -y*r - 2 = -22. Let j be 6/15 + -1 - (-1932)/420. Calculate the highest common divisor of j and a.
2
Let f = 928 - -3978. What is the highest common factor of 11 and f?
11
Let m(d) = d**3 + 16*d**2 + 12*d - 44. Let o be m(-15). Calculate the highest common factor of o and 69.
1
Suppose 64*f = 167*f - 1576 + 340. What is the greatest common divisor of 516 and f?
12
Let s = -27501 + 27645. Let q(k) = 339*k - 3. Let z be q(1). Calculate the greatest common divisor of z and s.
48
Let f be 24 - ((-2)/2 + 0). Let p = 631 + -565. Suppose 72*b = p*b + 750. Calculate the highest common factor of f and b.
25
Let l = -5819 - -6958. What is the highest common divisor of l and 134?
67
Let f = 4523 + -4486. What is the highest common factor of f and 7?
1
Let a(d) = 2*d**2 + 17*d + 5. Let n be a(-8). Let c be (-1 + n/9)*-6. Suppose -5*l = c - 3, -35 = -3*q + 5*l. What is the greatest common factor of 20 and q?
10
Let c = -10 + -179. Let r = c - -594. Suppose 9*p = -0*p + r. Calculate the greatest common factor of 5 and p.
5
Suppose 3*a - 8409 + 19242 = 26*a. What is the greatest common factor of a and 2983?
157
Let u be (-21)/28*-8 + -4. Suppose 0 = -u*t - 9*t + 4114. Calculate the greatest common divisor of t and 22.
22
Let h be 30428/4 + -4*((-140)/(-16))/(-7). Calculate the highest common divisor of h and 44.
44
Let f = 6446 - 6442. Calculate the greatest common divisor of f and 362.
2
Suppose -177 = -4*w - 4*p + 39, 183 = 3*w - 4*p. Calculate the greatest common divisor of 7163 and w.
19
Suppose -11*h = -87371 - 49051. What is the highest common divisor of 468 and h?
234
Let w(k) = -22 + 4*k + 48 + 18. Let z be w(21). Let q be (480/z)/(10/(-16) - -1). Calculate the highest common divisor of q and 2.
2
Let b be (-2)/(-3)*102/4 - 5. Let q be -84*((-66)/b + 5). Calculate the greatest common factor of 14 and q.
14
Let a be ((-6)/4)/((-6)/32). Let b = -5 + a. Let x be (-8292)/(-252) - (-42 + (-14960)/(-357)). What is the greatest common divisor of x and b?
3
Let x = 240860 - 240810. Let b(t) = t**3 - 4*t**2 + 2*t + 6. Let h be b(6). What is the greatest common factor of h and x?
10
Let q = 3303 - 1906. What is the highest common factor of q and 254?
127
Let q be ((-20)/8)/(30/(-24)). Let w be 1/q - (-7)/(-2). Let p be 248/4 + (w - 1). What is the highest common factor of 29 and p?
29
Let a be -10 - (-1296)/132 - (-378)/22. Let o = a - 5. Calculate the highest common factor of 60 and o.
12
Let t(r) = 12*r**2 - 29*r - 120. Let m be t(8). Calculate the highest common factor of m and 512.
32
Let h be 41/2 - 145/58. Suppose -40 = -q - p, -p = 4*q - 62 - 104. Suppose -3*z = 3*x - q, x - 15 = -2*x. Calculate the greatest common factor of z and h.
9
Suppose 0 = 24*m - 465 + 9. Calculate the greatest common divisor of m and 1919.
19
Let d(p) = -p + 2. Let v be d(-9). Let a(h) = h**3 - 19*h**2 + 49*h - 1. Let x be a(3). Calculate the greatest common factor of x and v.
1
Suppose 6 = 3*h - 3. Let l = -94 - -92. Let m be -1*((-11)/(-2) - 4)*l. What is the greatest common factor of m and h?
3
Suppose -4*c = a - 18, -7*c = -5*a - 5*c + 2. Suppose -25*j + a*j + 322 = 0. What is the greatest common factor of j and 350?
14
Suppose 5*y - 438 = -2*s, 3*y + 29 = 41. Suppose -31 = -6*j + s. Calculate the greatest common factor of j and 460.
20
Suppose d - 4*n = 6*d - 3271, 0 = 5*n - 20. Let r be (-167 - 1)*73/(-292). Calculate the greatest common factor of d and r.
21
Let y be (26130/(-104))/((-36)/24) - 3/(-2). Let x(q) = -24*q - 3. Let b be x(-5). What is the highest common divisor of b and y?
13
Let h be (-2)/(-13)*1 + (-596)/(-13). Let j = 46 - h. Suppose 3*i + j*b - 205 = -4*b, -2*i - 5*b + 146 = 0. What is the greatest common factor of i and 21?
21
Let k(q) = q**3 + 10*q**2 - 24*q + 14. Let m be k(-12). Let a be (-2108)/(-153) - (50/18 + -3). What is the greatest common divisor of m and a?
14
Let u(w) = -19*w**2 - 180*w - 21. Let k be u(-7). Calculate the highest common divisor of k and 2596.
44
Suppose -5*y + 0*c + c = -521, 5*y - 5*c - 505 = 0. Suppose 3*h - h + 9 = 5*n, -5*h - 7 = 3*n. Let u = 16 - n. What is the greatest common divisor of y and u?
15
Let i be -3 + (-30)/(-8) + ((-915925)/(-4))/25. Calculate the highest common divisor of 40 and i.
40
Let l = 9938 - 4163. What is the greatest common factor of 150 and l?
75
Suppose -1562*p = -1597*p + 6125. What is the highest common factor of 4 and p?
1
Let q(f) = 55*f + 4992. Let g be q(-10). What is the greatest common divisor of g and 2?
2
Let a(b) = 0*b + b - 2 - 2 + 8. Let p be a(4). Let q(r) = 10*r + 224. Let g be q(-22). Calculate the highest common divisor of p and g.
4
Let g(x) be the second derivative of -x**5/20 + 5*x**4/2 - 56*x**3/3 + 11*x**2/2 + 96*x + 2. Let r be g(25). What is the greatest common factor of r and 63?
21
Let x be (837/(-12) - (-363)/242)*16/(-3). What is the highest common factor of 1664 and x?
52
Suppose 4*o + 3*a = 101, 132 = 5*o - 21*a + 19*a. Suppose 6*b - 4*b - 12 = 0. Let n = o - b. Calculate the highest common factor of 80 and n.
20
Let r be (-2010)/14 + -1*4/(-7). Let b = r + 233. Calculate the highest common divisor of b and 40.
10
Let w be -1*8/(-16) + (0 - (-268)/8). Calculate the highest common divisor of w and 1394.
34
Let t(y) be the second derivative of 1/6*y**4 + 2*y**2 + 0 + 6*y**3 + 24*y. Let j be t(-18). Calculate the greatest common divisor of j and 28.
4
Let a be 24/300 + (-46)/(-25)*263. What is the greatest common factor of a and 3476?
44
Let v = -207 - -220. Let x(o) = o**3 + 6*o**2 - 8*o + 19. Let s be x(-7). Calculate the highest common factor of v and s.
13
Let n(y) = 9*y**2 - 203*y + 376. Let p be n(21). Let r = 1143 - 77. What is the highest common factor of r and p?
82
Let h(b) be the third derivative of -b**6/120 + b**5/5 - b**4/8 - 8*b**3/3 + b**2 - 38. Let f be h(10). Calculate the greatest common divisor of 98 and f.
14
Suppose 2*w + 1630 = -3*l + 7*l, 3*l - 3*w - 1230 = 0. Let a = l - 398. What is the greatest common factor of 133 and a?
7
Let l(j) = 1664*j - 1640*j - 5*j**2 + 54 + 4*j**2. Let s be l(26). Calculate the greatest common divisor of 64 and s.
2
Let f = 7281 + -4213. What is the highest common divisor of f and 1180?
236
Let k = -7733 + 7739. Calculate the greatest common divisor of 5154 and k.
6
Let z = -8267 + 9356. What is the greatest common factor of 27 and z?
9
Let t be (-536)/(-10) - (-8)/20. Let w = -21 + t. Suppose -4*m + 5*j = -307, -2*j + 106 = -523*m + 524*m. Calculate the highest common divisor of m and w.
11
Suppose -y = y + 66. Let q = y - -54. Let k = -2310 - -2317. Calculate the greatest common divisor of k and q.
7
Suppose z - 6580 = -5*p, -548*z + 551*z - 2*p = 19774. What is the highest common factor of z and 10?
10
Let i(t) = -t**3 + 29*t**2 - 5*t + 40. Let c be i(29). Let d = -50 - c. What is the greatest common divisor of 99 and d?
11
Suppose -3*a = -11 + 5, -2*l = 3*a + 4. Let t be (12/15)/((-2)/l). Suppose -13*p + 446 = 817 - 423. What is the greatest common divisor of p and t?
2
Let h be (1 + 167*6/(-30))/(8/(-140)). Calculate the highest common factor of 21 and h.
21
Suppose 31 + 3 = 34*c. Let g be 6/21 - (c + 165/(-35)). Suppose -5*v + 2*o - 31 = -99, v - 5*o = 32. Calculate the greatest common divisor of v and g.
4
Suppose -1000 = -31*k + 23*k. Let w(a) = 22*a**2 + 8*a - 22. Let y be w(3). Calculate the highest common factor of k and y.
25
Let i = -129 + 138. Suppose 3*k - 25 = 5*w, -5*k - 26*w = -31*w - 35. What is the highest common divisor of k and i?
1
Let x(c) = -4*c - 1. Let q be x(2). Let n be ((-216)/10)/(q/30). Suppose 288 = 19*m - 13*m. What is the greatest common factor of n and m?
24
Let o(d) = 4*d**2 + 4*d + 2450. Let q be o(0). What is the highest common factor of 14 and q?
14
Suppose 0 = 2*c + 4*t - 404, c - t = -4*t + 209. Calculate the greatest common divisor of 108 and c.
4
Let w(d) be the third derivative of -d**5/60 + 4*d**4/3 + 17*d**3/3 + 152*d**2. Let c be w(33). What is the greatest common divisor of 59 and c?
1
Let k(l) = l**3 + 31*l**2 + 5